{"id":131,"date":"2025-09-20T07:24:54","date_gmt":"2025-09-20T07:24:54","guid":{"rendered":"https:\/\/maskepanalicante.es\/?page_id=131"},"modified":"2025-09-22T03:56:32","modified_gmt":"2025-09-22T03:56:32","slug":"pan-tradicional","status":"publish","type":"page","link":"https:\/\/maskepanalicante.es\/index.php\/pan-tradicional\/","title":{"rendered":"PAN TRADICIONAL"},"content":{"rendered":"\n<p class=\"has-text-align-center\"><strong>Tenemos panes de todas forma y sabores.<br>Todos reci\u00e9n hechos.<\/strong><\/p>\n\n\n\n<figure class=\"wp-block-image size-full\"><img loading=\"lazy\" decoding=\"async\" width=\"1024\" height=\"1024\" src=\"https:\/\/maskepanalicante.es\/wp-content\/uploads\/2025\/09\/Pan_tradicional.png\" alt=\"\" class=\"wp-image-107\" srcset=\"https:\/\/maskepanalicante.es\/wp-content\/uploads\/2025\/09\/Pan_tradicional.png 1024w, https:\/\/maskepanalicante.es\/wp-content\/uploads\/2025\/09\/Pan_tradicional-300x300.png 300w, https:\/\/maskepanalicante.es\/wp-content\/uploads\/2025\/09\/Pan_tradicional-150x150.png 150w, https:\/\/maskepanalicante.es\/wp-content\/uploads\/2025\/09\/Pan_tradicional-768x768.png 768w, https:\/\/maskepanalicante.es\/wp-content\/uploads\/2025\/09\/Pan_tradicional-600x600.png 600w, https:\/\/maskepanalicante.es\/wp-content\/uploads\/2025\/09\/Pan_tradicional-100x100.png 100w\" sizes=\"auto, (max-width: 1024px) 100vw, 1024px\" \/><\/figure>\n\n\n\n<p>Pan casero.<br>Hogazas caseras.<br>Hogazas de pan gallego.<br>Gallego.<br>Rustico.<br>Franc\u00e9s.<br>Baguette.<br>Banderillas flojas y caseras.<br>Integral 100%.<br>Centeno.<br>Centeno y cereales.<br>Ma\u00edz.<br>Ma\u00edz y ch\u00eda.<br>Espelta y miel.<br>Sarraceno.<\/p>\n","protected":false},"excerpt":{"rendered":"<p>Tenemos panes de todas forma y sabores.Todos reci\u00e9n hechos. Pan casero.Hogazas caseras.Hogazas de pan gallego.Gallego.Rustico.Franc\u00e9s.Baguette.Banderillas flojas y caseras.Integral 100%.Centeno.Centeno y cereales.Ma\u00edz.Ma\u00edz y ch\u00eda.Espelta y miel.Sarraceno.<\/p>\n","protected":false},"author":1,"featured_media":0,"parent":0,"menu_order":0,"comment_status":"closed","ping_status":"closed","template":"","meta":{"footnotes":""},"class_list":["post-131","page","type-page","status-publish","hentry"],"jetpack_sharing_enabled":true,"_links":{"self":[{"href":"https:\/\/maskepanalicante.es\/index.php\/wp-json\/wp\/v2\/pages\/131","targetHints":{"allow":["GET"]}}],"collection":[{"href":"https:\/\/maskepanalicante.es\/index.php\/wp-json\/wp\/v2\/pages"}],"about":[{"href":"https:\/\/maskepanalicante.es\/index.php\/wp-json\/wp\/v2\/types\/page"}],"author":[{"embeddable":true,"href":"https:\/\/maskepanalicante.es\/index.php\/wp-json\/wp\/v2\/users\/1"}],"replies":[{"embeddable":true,"href":"https:\/\/maskepanalicante.es\/index.php\/wp-json\/wp\/v2\/comments?post=131"}],"version-history":[{"count":3,"href":"https:\/\/maskepanalicante.es\/index.php\/wp-json\/wp\/v2\/pages\/131\/revisions"}],"predecessor-version":[{"id":144,"href":"https:\/\/maskepanalicante.es\/index.php\/wp-json\/wp\/v2\/pages\/131\/revisions\/144"}],"wp:attachment":[{"href":"https:\/\/maskepanalicante.es\/index.php\/wp-json\/wp\/v2\/media?parent=131"}],"curies":[{"name":"wp","href":"https:\/\/api.w.org\/{rel}","templated":true}]}}